8*z - 150 = 410. Calculate the highest common divisor of z and 4.
2
Let u = 10 + -23. Let t(r) = -r**3 - 12*r**2 + 14*r + 19. Let s be t(u). Let o be (-4428)/(-68) - s/51. What is the greatest common factor of 13 and o?
13
Let f = 3512 + -3499. Suppose -a + 86 = 2*a + 2*h, h = 2*a - 48. Calculate the highest common factor of a and f.
13
Let h be ((-2)/(-6))/(5/(-30)). Let g be (-8)/(16/(-4) - h). Suppose -2*o = -5*z - 38, -o - 3*z + 95 = g*o. What is the highest common factor of 95 and o?
19
Let o(c) = c**2 - 38*c - 84. Let x be o(33). Suppose 146 + 313 = -3*t. Let k = t - x. Calculate the greatest common divisor of 12 and k.
12
Let y = 39 - 28. Let d(k) = 2*k - 20. Let h be d(y). Calculate the greatest common divisor of h and 16.
2
Let a = 4190 - 2447. Suppose 4*k = -4*z - 427 + a, -3*z + 4*k = -994. What is the greatest common factor of 30 and z?
30
Suppose -4716*y + 150 = -4706*y. Let f be 4/14 - 208/(-7). What is the greatest common divisor of y and f?
15
Suppose 18*n = -n + 7980. Calculate the highest common factor of n and 60.
60
Suppose 2*p + 5*d = -9, 3*d + 0 = -2*p - 3. Suppose -2*n + 41 = -p*q, -n - 4*n + q + 96 = 0. Calculate the highest common factor of 95 and n.
19
Let j(a) = -a**3 + 2*a**2 + 70. Let w be j(0). Suppose -w - 73 = -b. Calculate the greatest common divisor of b and 13.
13
Let s be (-7)/(1*(-3)/27). What is the highest common factor of s and 84?
21
Let n(u) = u**2 + 6*u + 2. Let y be n(-6). Let a be 10*(-3)/5*(-16)/6. What is the highest common factor of a and y?
2
Let y(g) = -g**3 + 33*g**2 + 71*g + 35. Let l be y(35). Calculate the greatest common factor of 238 and l.
14
Let l(d) be the third derivative of 73*d**5/60 + d**4/6 + d**3/3 - 7*d**2. Let k be l(-2). Calculate the highest common factor of 26 and k.
26
Suppose -h = h + 3*m - 44, 3*h - 2*m - 66 = 0. Calculate the greatest common divisor of h and 253.
11
Suppose 3*j + 3*f = 0, f = 5*j - 4 - 8. Suppose -8*p + 336 = -j*p. What is the greatest common divisor of p and 7?
7
Suppose -2*y + 912 = -0*b + 2*b, -4*y = 2*b - 906. Calculate the highest common divisor of 51 and b.
51
Suppose -3*l = -2*t - 579, 0*t = -2*l - 5*t + 405. Calculate the greatest common divisor of l and 15.
15
Let f be 4 + (52*-2)/(-2). Suppose 0 = -4*u + 3 - 7. Let y be u - (-9 + -2 + 2). Calculate the greatest common divisor of f and y.
8
Let q be 5*16/(-280) + (-2412)/(-14). What is the highest common divisor of q and 43?
43
Let p(m) = 2*m + 4. Suppose 2 = 4*v - 6, v = 2*k - 12. Let c be p(k). What is the greatest common divisor of 12 and c?
6
Let h be -10 + (0 - -30) + (-14)/2. What is the highest common divisor of 1027 and h?
13
Suppose 0 = 3*c - 16 - 17. Let k = -7 + c. Let d(s) = -s**2 + 4*s + 55. Let u be d(9). What is the highest common factor of k and u?
2
Let h = -367 + 240. Let v = h + 213. What is the greatest common divisor of 129 and v?
43
Let n(r) = 9*r + 140. Let y be n(-14). Calculate the greatest common divisor of y and 6.
2
Let q be (-6)/27 - 1462/(-18). Suppose 5*b - 8 = 12. Let a be 1794/66 - b/22. Calculate the greatest common factor of a and q.
27
Let v be (-4)/(1209/303 - 4). Suppose k + 4*k + v = 2*h, -5*k = 5*h - 940. What is the highest common divisor of h and 24?
24
Let a be ((-63)/35)/((-2)/10). Let h = 206 + -143. What is the highest common divisor of h and a?
9
Suppose 0 = 4*s - 4*y + 8, y + 8 = -s + 4*y. Let n be 40/5*(1 + s). Let d(g) = g**2 - 5*g - 14. Let r be d(n). What is the highest common factor of r and 18?
18
Suppose -9*w + 528 = -w. What is the greatest common divisor of 44 and w?
22
Suppose -8 - 12 = -4*c, -4*q = -4*c - 492. Suppose -77 = -6*u + 19. What is the greatest common factor of u and q?
16
Suppose 8*i = 73 + 487. What is the greatest common divisor of i and 10?
10
Let x be 12/(2/1*1). Let r be (-2)/4*x/(-3). Let q be 8/(-2) + 11 + -2. What is the highest common factor of r and q?
1
Let v = 194 + 26. Let h = 54 - 10. What is the greatest common divisor of h and v?
44
Suppose 0 = -3*z - c + 6*c - 7, z - 5*c + 19 = 0. Suppose -z*v = -v - 35. What is the highest common factor of v and 21?
7
Let v = 84 + -10. Suppose -v = -4*u + 30. Calculate the greatest common factor of 91 and u.
13
Let v = 85 - -526. What is the highest common divisor of 47 and v?
47
Let n = 90 + -30. Suppose -96 = 2*q - 5*q. Let g be (-26 - -1)*q/(-40). Calculate the highest common divisor of n and g.
20
Suppose 0 = -7*s + 12996 - 1782. Calculate the greatest common factor of s and 9.
9
Let l be (0 - -3 - -1) + -14. Let h = l - -25. Let m = -5 + h. What is the highest common factor of m and 70?
10
Let r(i) = -i + 5. Let p be r(0). Suppose 0*y + p*u + 216 = 3*y, 92 = y + 5*u. Calculate the greatest common factor of 7 and y.
7
Let m(w) = 11*w + 32. Let z be m(-4). Let a be (-9)/(-2)*(-56)/z. Calculate the highest common factor of 21 and a.
21
Let n(t) = 3*t**2 + 6*t - 4. Let p be n(-3). Suppose 2*g + p = 33. Let r be -6*2/6*-1. What is the greatest common factor of g and r?
2
Let n(p) = -p**2 + 30*p + 3. Let r be n(0). What is the greatest common factor of r and 123?
3
Suppose -2*b = -35 - 77. Suppose 0 = 5*c + 5*v - 750, v + 198 - b = c. Suppose -8*r = 3*j - 4*r - c, -4 = 4*r. Calculate the highest common factor of 5 and j.
5
Let y = -408 - -418. What is the highest common factor of 46 and y?
2
Let v be (-11*2)/(2/(-13)). Let z be (24/(-20))/(-3 - 52/(-20)). Suppose -2*s + z*s = 13. What is the greatest common factor of s and v?
13
Suppose -5*x - 2*v - 2*v + 42 = 0, -x + 5*v = -20. Suppose -5*n - 2*l = -398, 3*n + 4*l + 172 = 408. Calculate the highest common factor of n and x.
10
Let j be (0 - 1)/((-8)/(-5976)). Let d be j/(-21) - 12/(-28). Calculate the highest common factor of d and 4.
4
Let g = -41 + 49. Let s be (g/12)/(1/24). Suppose 0 = 5*z + 2*i - 888, 2*z = -5*i + 228 + 144. Calculate the greatest common divisor of s and z.
16
Let k(f) = -2*f. Let i be k(2). Let t(o) = -3*o + 4. Let u be t(i). Suppose u = 4*b, 4*l - 275 = b + 9. Calculate the highest common factor of 8 and l.
8
Suppose 38 = 4*w - 0*o - 2*o, -4*w - 5*o = -17. Let h(z) = 9*z - 40. Let p be h(8). Calculate the highest common divisor of w and p.
8
Let n(m) = 5*m + 295. Let x be n(-25). Calculate the greatest common factor of x and 10.
10
Let h(r) = -19*r + 333. Let v be h(5). What is the highest common factor of v and 85?
17
Let a(l) = l**2 - 8 - l + 16 - 9. Let k = 3 + -4. Let b be a(k). Calculate the highest common factor of b and 11.
1
Let o = -394 + 529. Suppose 0*a + 2*a - 108 = 0. What is the greatest common factor of a and o?
27
Let u be 4 + -4 + 6 + 149. Calculate the greatest common factor of u and 62.
31
Let p = -192 + 272. Suppose -5*t = -y + p, 160 = 2*y - 5*t + t. Calculate the highest common divisor of y and 5.
5
Suppose -5*z - 331 = 2*g, -z - 2*z - 192 = -g. Let v = -44 - z. What is the highest common divisor of 28 and v?
7
Let c = -2 - -17. Let z = 16 + -16. Suppose -4*f + 6*f - 240 = z. Calculate the highest common divisor of f and c.
15
Let o = 1763 + -1721. Calculate the greatest common factor of o and 910.
14
Let q(j) = -j + 15. Suppose -5*s + 35 = -0. Let k be q(s). Calculate the highest common factor of k and 20.
4
Suppose 8*v = 57 + 263. Suppose -2*m + 18 = -v. What is the highest common factor of m and 87?
29
Suppose -4*u + 32 = -4. Suppose w = -i - 3*w + 7, 20 = 5*i + 5*w. Suppose -u = -3*b + 4*a, i*b - 6*a = -a + 9. Calculate the greatest common factor of 3 and b.
3
Let d be 39/(-2)*(-288)/54. Suppose 0 = 4*j + 2*f - 112, -5*j + 138 = 5*f - 3*f. Let x = -13 + j. Calculate the greatest common divisor of d and x.
13
Suppose -162 = -4*t + 7*t. Let m be 74/(-6) + (-18)/t. Let f = 23 - m. What is the highest common factor of 70 and f?
35
Suppose -31*f + 45*f = 952. Calculate the greatest common divisor of 12 and f.
4
Suppose -5*i + 34 + 26 = 0. Let n be (i/(-15))/((-6)/45). Calculate the greatest common divisor of n and 66.
6
Suppose 3*q = -2*r + 15, 0*r - 3*q + 33 = 5*r. Let i be 4*2/(-14) - 335/(-35). What is the highest common divisor of r and i?
3
Suppose -4*v = -4*n - 44, -4*v - 5*n + 40 = -22. Let w = 15 - v. Suppose w*y = y + 75. What is the greatest common divisor of 30 and y?
15
Suppose 12*v - 9*v = 6. Suppose -w - 25 = -5*x, -x - 5*w = v*x - 43. What is the greatest commo